e factors of (1 - (-5)/o)*-18?
3
Let h(g) = g**3 + 14*g**2 + 10*g - 35. Let p be (12 + -3)*16/(-12). List the prime factors of h(p).
7, 19
Let q = -332 + 178. Let r = 222 + q. List the prime factors of r.
2, 17
Let m(x) = 4*x**2 - 21*x + 10. Let b be m(5). Let n(q) = -q - 2. Let v be n(3). List the prime factors of 17 - (b/v - 3).
3, 7
Let b = 89 + -86. Suppose 12 = -4*o, -5*o = -b*n - 10*o + 321. What are the prime factors of n?
2, 7
Suppose 2*d - 3*d + 594 = -5*b, -b = 3*d - 1862. What are the prime factors of d?
619
Let j(i) be the third derivative of -5/24*i**4 - 7/6*i**3 + 0*i + i**2 + 0. List the prime factors of j(-9).
2, 19
Suppose -83434 = -17*m - 3347. What are the prime factors of m?
7, 673
Let x(f) = -f**2 + 13*f. Let l be x(13). Suppose -2*k - 2 = 2*o, 0 = -5*k - l*o - 4*o. What are the prime factors of k?
2
Let h(f) be the third derivative of -f**5/60 - 17*f**4/24 - 2*f**3/3 + 21*f**2. What are the prime factors of h(-8)?
2, 17
Let z(i) = 3*i**2 - 82*i + 579. List the prime factors of z(48).
3, 5, 79
Suppose 4*k + 463 = 5*k + i, 0 = -5*i + 20. List the prime factors of k.
3, 17
What are the prime factors of (2396/10)/(5/25)?
2, 599
Let u = 150 + -30. Let g = 215 - u. List the prime factors of g.
5, 19
Suppose -w + t + 274 = 0, 2*w + 4*t - 1080 = -2*w. List the prime factors of w.
2, 17
Let i(f) = -f**2 + 15*f - 14. Suppose 5*z - 4 = 46. List the prime factors of i(z).
2, 3
Suppose 1 - 8 = -7*y. Suppose -12 = 4*a, y - 3 = 5*n + 4*a. Suppose -4*b = -n*b - 116. List the prime factors of b.
2, 29
Let m(c) be the third derivative of c**5/30 - c**4/8 + c**3/3 - 5*c**2. Let t be m(3). Suppose t = 3*v - 16. What are the prime factors of v?
3
Suppose -19*a + 1526 = -12*a. List the prime factors of a.
2, 109
Suppose -b + 3 = -15. Let s = 79 - b. Let n = s - 31. What are the prime factors of n?
2, 3, 5
Let o = 9 + -4. Suppose 0 = -6*m - 1 + 25. Suppose 3*d + 0*d - 33 = m*r, -4*r = -o*d + 47. What are the prime factors of d?
7
Suppose 3*f - o = 81, -4*f - 4*o + o + 108 = 0. Let r = f - 36. Let n = r - -51. What are the prime factors of n?
2, 3, 7
Let g(d) = -3*d - 17. Let z be (0 + 1)/((-1)/(-3)). Suppose z*r = -8 - 19. List the prime factors of g(r).
2, 5
Suppose -1895 = -5*v + 5*h, 4*h = -4*v - 0*h + 1500. List the prime factors of v.
13, 29
Suppose 3*g - 551 - 52 = 0. Suppose 15 = 5*z, 0*z - g = -4*q - 3*z. List the prime factors of q.
2, 3
Let i(t) = 83*t**2 - 17*t - 33. What are the prime factors of i(-3)?
3, 5, 17
Suppose 5*g = -5*w - 315, 126 = -2*g - w - 3*w. Let s be (1/(3/87))/(-1). Let h = s - g. What are the prime factors of h?
2, 17
Let p be (-4)/(-14) + 464/(-56). Let n be 142/p + 6/(-24). List the prime factors of n/(-5)*40/6.
2, 3
Let r = -287 - -564. What are the prime factors of r?
277
Let u = -275 + 180. List the prime factors of (56/70)/((-2)/u).
2, 19
Let o be 284/(1 + -1 + 2). Suppose -4*z + 4*r + 244 = 0, -z + o = z + 2*r. List the prime factors of z.
2, 3, 11
Let l(x) = x**2 - 2*x + 5. Let n = 5 + -2. Suppose -n*f = -y - 7, -5*f + 0*y + 25 = y. What are the prime factors of l(f)?
13
Let x be 28*(-5 - 265/(-20)). List the prime factors of x - -4*(-1)/(-2).
233
List the prime factors of 536/3*132/16.
2, 11, 67
Let y(v) = 3*v + 2. Let h be y(1). Suppose 2*q + 3720 = -3*w - q, -h*w = -5*q + 6220. List the prime factors of (-4)/(-26) + w/(-39).
2
Suppose 16 = x + 3*x. Suppose -80 = -x*g - g. Suppose 38 = 2*v - g. What are the prime factors of v?
3
Let w = -12 - -13. Suppose 0 = 3*c - 5*s + w + 9, s = 2. Suppose c = -2*f + 14 + 50. List the prime factors of f.
2
Suppose 110*b - 112*b = -1190. List the prime factors of b.
5, 7, 17
Let l(v) = 5*v + 19. Let z be l(-3). Suppose 4*t - 110 = 5*j, 67 = -t + z*t + 4*j. List the prime factors of t.
5
Let a(r) = 11*r**2 - 8*r + 12. Let v(s) = s**3 + 5*s**2 - s - 9. Let c be v(-5). List the prime factors of a(c).
2, 5, 11
Let n(i) = 3*i + 37. Let s be n(0). Suppose -x + 4*d + s = 0, -x + 2*d = -0*x - 31. List the prime factors of x.
5
Let u be 425/(-10) - 2/4. Let q = -26 - u. Let h = q - 10. What are the prime factors of h?
7
Suppose 0 = r - 4*t + 1, -2*r + 5 = -2*t + t. Suppose 3*k - 72 = -r*y + 33, -5*k - 4*y = -173. List the prime factors of k.
3, 11
Let d be (-4)/3*153/34. What are the prime factors of 302/5 + d/15?
2, 3, 5
Suppose -4 = -3*q + 2. Suppose q*d + 4*l - 177 = -13, 5*l = d - 47. List the prime factors of d.
2, 3
Let j(q) = q**2 + 7*q - 3. Let z be j(-8). Suppose 33 = z*i - 27. List the prime factors of i.
2, 3
Let n(g) = -g**2 - 22*g + 3. Let v(a) = -2*a**2 - 13*a + 6. Let s be v(-7). Let b be -1*(21 - (0 - s)). What are the prime factors of n(b)?
43
Suppose -15*j = -11*j + 7376. What are the prime factors of (-4)/18 + j*5/(-180)?
3, 17
Let k(r) = -r - 3. Let p be k(7). Let h be -2 + 1 + -2 + p. List the prime factors of 1/(-2)*(h + -1).
7
Let p(q) = q**2 - 16*q + 13. Let j be p(16). What are the prime factors of j*(6 - (-3)/(-3))?
5, 13
Suppose 0 = -4*j + 4, m + 4*m = 5*j + 5. Let l(w) = 1 + 0*w**m + 2*w**2 - 2*w + 5*w**2 + w. List the prime factors of l(1).
7
Suppose 0 = 3*z + 8 - 23. Suppose 5*c - z*j - 1736 = -606, 2*c = -j + 455. What are the prime factors of c?
227
Let g(u) = -2*u**3 - 4*u**2 - 4*u + 3. Let w be g(-4). Suppose p - w = -25. List the prime factors of p.
2, 29
Suppose 5*b - 18 - 37 = 0. Let z be 6/(-4)*(b + -3). Let d = 14 + z. What are the prime factors of d?
2
What are the prime factors of ((-36)/42)/((-7)/1127)?
2, 3, 23
Suppose -g - 3*g - 4*d = 4, 4*d + 40 = 5*g. Suppose 0 = h - g*h + 267. What are the prime factors of h?
89
Suppose 4*k = -5*h - 5, 4 = -2*h - 2*h - 3*k. What are the prime factors of (17 + 22)/(h/(-3))?
3, 13
Let o = 1103 - 587. What are the prime factors of o?
2, 3, 43
Let w(l) = -8*l + 4. Let f be w(3). Let a = f + 13. List the prime factors of (a/(-14))/(1/20).
2, 5
Suppose -k - 3*x + 20 = -8*x, 2*k - 3*x - 54 = 0. List the prime factors of k.
2, 3, 5
Let f = -24 + 26. Suppose 4*k = f*i + 1 + 25, i + 28 = 5*k. Suppose -9*l + 104 = -k*l. What are the prime factors of l?
2, 13
Suppose -6752 = -11*o + 2367. What are the prime factors of o?
829
Suppose -14*q + q + 3146 = 0. What are the prime factors of q?
2, 11
Let s(t) = -t**2 + 9*t - 16. Let a be s(12). Let o = -24 - a. What are the prime factors of o?
2, 7
List the prime factors of 1956 - -5 - (12 - (1 + 5)).
5, 17, 23
Let p(h) = 29*h**3 - 10*h**2 + 36*h + 3. List the prime factors of p(4).
19, 97
Let s be (-1406)/(-9) - (-4)/(-18). Let a = s - 68. List the prime factors of a.
2, 11
Let h(v) = 3*v + 2. Let l be h(3). Let d(m) = 2*m**2 - 19*m + 15. Let i(o) = o**2 - 9*o + 6. Let s(k) = -6*d(k) + 11*i(k). What are the prime factors of s(l)?
2, 5
Let j = 2011 - 1414. Suppose 0*t + j = 4*z + 5*t, -3*z - 4*t = -447. List the prime factors of z.
3, 17
Suppose -17*g + 9624 = -5*g. List the prime factors of g.
2, 401
Suppose 5*y - 3*n = 2*y + 1977, -3*y + 2*n = -1976. List the prime factors of y.
2, 7, 47
List the prime factors of (1916 + -8)*((-27)/(-12))/3.
3, 53
Let i(z) = z**2 - 8*z + 8. Let s be i(6). Let r = s - 0. List the prime factors of 1/r + 58/8.
7
Let v(z) = 76*z + 45. What are the prime factors of v(7)?
577
Let j = 2 + -1. Suppose 1 = 2*s - j. Suppose 0*o + 2*o = w, 0 = o - s. What are the prime factors of w?
2
Suppose 0 = -5*j + 109 - 1589. List the prime factors of 12/(-20) - j/10.
29
Suppose -4*k + 2 + 10 = 0. Suppose k*f + 275 = 6*a - 2*a, a - 45 = -4*f. List the prime factors of a.
5, 13
Suppose 4*g + 2330 = 4*y + 2*g, -4*y = 2*g - 2334. What are the prime factors of y?
11, 53
Suppose 0 = 3*m - 2*m - i - 12, 3*m = 2*i + 39. Let j = m - 21. List the prime factors of (126/j)/((-6)/4).
2, 7
Let o be 2/4 + (-258)/(-4). Let t = o + 2. What are the prime factors of t?
67
Let d(l) = -110*l**3 + l**2. Let n be d(-1). Suppose 0 = -2*a - 13 + n. What are the prime factors of a?
7
List the prime factors of (-624)/2*(6 - (-44)/(-6)).
2, 13
Let i(o) = 5*o**2 + 119*o - 62. What are the prime factors of i(-28)?
2, 263
Let o(l) = 15*l - 3. Let r(n) = -16*n + 4. Let k(y) = 5*o(y) + 6*r(y). What are the prime factors of k(-4)?
3, 31
Suppose 3*k - 13 - 2 = 0. Suppose k*q - 120 = -30. Let z = -2 + q. List the prime factors of z.
2
Let n be (9/6)/(6/(-80)). Let w be (2 - 5 - n)*1.